{"id":324,"date":"2015-01-08T08:50:25","date_gmt":"2015-01-08T07:50:25","guid":{"rendered":"https:\/\/www.barwino.slupsk.pl\/?page_id=324"},"modified":"2025-08-12T11:26:48","modified_gmt":"2025-08-12T09:26:48","slug":"znani-barwiniacy","status":"publish","type":"page","link":"https:\/\/www.barwino.slupsk.pl\/?page_id=324","title":{"rendered":"Znani Barwiniacy"},"content":{"rendered":"<p><strong>Zbigniew Juliusz Zalewski<\/strong><\/p>\n<p><a href=\"https:\/\/www.barwino.slupsk.pl\/wp-content\/uploads\/2015\/01\/6\" target=\"_blank\" rel=\"noopener\"><img loading=\"lazy\" decoding=\"async\" class=\"alignleft wp-image-333\" src=\"https:\/\/www.barwino.slupsk.pl\/wp-content\/uploads\/2015\/01\/6-424x600.\" alt=\"Zbigniew_Zalewski\" width=\"162\" height=\"230\" srcset=\"https:\/\/www.barwino.slupsk.pl\/wp-content\/uploads\/2015\/01\/6-424x600. 424w, https:\/\/www.barwino.slupsk.pl\/wp-content\/uploads\/2015\/01\/6-543x768. 543w, https:\/\/www.barwino.slupsk.pl\/wp-content\/uploads\/2015\/01\/6 800w\" sizes=\"auto, (max-width: 162px) 100vw, 162px\" \/><\/a> Urodzony 14 kwietnia 1941 r. w <a href=\"http:\/\/cieplowizja.pl\/brozbar\/brozbar26\/kolki\/taraz.html\" target=\"_blank\" rel=\"nofollow noopener sponsored ugc noreferrer\">Tara\u017c<\/a>u na Wo\u0142yniu.<\/p>\n<p>Genera\u0142 broni Wojska Polskiego.<\/p>\n<p>Podczas ponad 41 letniej s\u0142u\u017cby pe\u0142ni\u0142 obowi\u0105zki na wielu stanowiskach dow\u00f3dczych, sztabowych i logistycznych. By\u0142 dow\u00f3dc\u0105 9 pu\u0142ku zmechanizowanego w Stargardzie Szczeci\u0144skim, dow\u00f3dc\u0105 8 Dywizji Zmechanizowanej w Koszalinie oraz w latach 1987- 92 szefem sztabu, a nast\u0119pnie dow\u00f3dc\u0105 Pomorskiego Okr\u0119gu Wojskowego. W latach 1992-96 by\u0142 zast\u0119pc\u0105 Szefa Sztabu Generalnego Wojska Polskiego. W listopadzie 1996 r. zosta\u0142 wyznaczony na pierwszego w historii Wojska Polskiego dow\u00f3dc\u0119 Wojsk L\u0105dowych. W 2001 r. zako\u0144czy\u0142 zawodow\u0105 s\u0142u\u017cb\u0119 wojskow\u0105.<\/p>\n<p>Odznaczony mi\u0119dzy innymi Krzy\u017cem Komandorskim Orderu Odrodzenia Polski i Z\u0142otym Krzy\u017cem Zas\u0142ugi, a za wsp\u00f3\u0142prac\u0119 z NATO ameryka\u0144sk\u0105 Komandori\u0105 Legii Zas\u0142ug USA i niemieckim Z\u0142otym Krzy\u017cem Zas\u0142ugi Bundeswehry.<\/p>\n<p>\u0179r\u00f3d\u0142o &#8211; Zbigniew Zalewski<\/p>\n<p><strong>S\u0142awomir Ziemianowicz<\/strong><\/p>\n<p><a href=\"https:\/\/www.barwino.slupsk.pl\/wp-content\/uploads\/2018\/07\/slawek1.jpg\">\u00a0<\/a><a href=\"https:\/\/www.barwino.slupsk.pl\/wp-content\/uploads\/2018\/07\/slawek1.jpg\" target=\"_blank\" rel=\"noopener noreferrer\"><img loading=\"lazy\" decoding=\"async\" class=\"alignleft wp-image-1295\" src=\"https:\/\/www.barwino.slupsk.pl\/wp-content\/uploads\/2018\/07\/slawek1.jpg\" alt=\"\" width=\"211\" height=\"220\" \/><\/a>Wykszta\u0142cenie wy\u017csze politechniczne &#8211; dwa fakultety(elektrotechnika okr\u0119towa; organizacja i zarz\u0105dzanie). \u017bonaty, troje dzieci. Mieszka w K\u0119picach. W latach 1998-2002 by\u0142 sekretarzem Urz\u0119du Miejskiego w Ustce. Z samorz\u0105dem zwi\u0105zany jest od 12 lat. W latach 1990-1998 (dwie kadencje) by\u0142 radnym Rady Gminy K\u0119pice i zast\u0119pc\u0105 burmistrza. Od 1998 roku radny Powiatu S\u0142upskiego. W latach 2002-2006 pe\u0142ni\u0142 funkcj\u0119 wicestarosty s\u0142upskiego. Po wyborach samorz\u0105dowych w 2006 roku zosta\u0142 wybrany na stanowisko starosty s\u0142upskiego. Pe\u0142ni\u0142 t\u0119 funkcj\u0119 do 2014 roku. Obecnie radny Powiatu S\u0142upskiego.<\/p>\n<p>S\u0142awomir Ziemianowicz oraz Jacek Adamczyk maj\u0105 wsp\u00f3lne korzenie r\u00f3wnie\u017c na Wo\u0142yniu i pochodz\u0105 z rodziny Krasickich.<\/p>\n<p><strong>Jacek Adamczyk<\/strong><\/p>\n<p><a href=\"https:\/\/www.barwino.slupsk.pl\/wp-content\/uploads\/2014\/12\/26\" target=\"_blank\" rel=\"noopener\"><img loading=\"lazy\" decoding=\"async\" class=\"alignleft wp-image-60\" src=\"https:\/\/www.barwino.slupsk.pl\/wp-content\/uploads\/2014\/12\/26\" alt=\"Ala i Jacak Adamczyk\" width=\"189\" height=\"213\" \/><\/a> Urodzony w Barwinie w 1968 r.<\/p>\n<p>Od dziecka zajmuje si\u0119 rysunkiem i malarstwem. Absolwent Pa\u0144stwowego Liceum Sztuk Plastycznych w Koszalinie. Od 1994r nale\u017cy do klubu plastyka im. Stefana Morawskiego przy S\u0142upskim O\u015brodku Kultury. Wiele wyr\u00f3\u017cnie\u0144 i nagr\u00f3d. Inspiracj\u0105 do realizacji prac Jacka jest architektura i spu\u015bcizna kulturowa pomorza \u015brodkowego &#8211; charakterystyczna zabudowa szachulcowa wraz z elementami sielsko\u015bci i melancholii &#8211; operowanie kolorem, \u015bwiat\u0142em i uzyskiwanie efekt\u00f3w fakturalnych za pomoc\u0105 szpachelki. Wiele obiekt\u00f3w uwiecznionych na Jacka obrazach ju\u017c nie ma lub s\u0105 one zrekonstruowane &#8211; Kluki, Swo\u0142owo. &#8222;Wyb\u00f3r jest \u015bwiadomy, poniewa\u017c w dobie p\u0119du cz\u0142owieka za komercj\u0105 staram si\u0119 pokazywa\u0107 \u015bwiat bez udziwnie\u0144 i upi\u0119ksze\u0144. Wiele moich prac przedstawia budynki sakralne, star\u0105 zabudow\u0119 wiejsk\u0105 lub ma\u0142omiasteczkow\u0105. Niekt\u00f3rych obiekt\u00f3w malowanych przeze mnie ju\u017c nie ma, zosta\u0142y rozebrane. &#8222;<\/p>\n<p>Dnia 22-10-2012r w Muzeum Pomorza \u015arodkowego &#8211; Anna de Croy odby\u0142a si\u0119 wystawa malarstwa Jacka Adamczyka. Obrazy\u00a0 s\u0105 przepi\u0119kne&#8230;. Wida\u0107 \u017ce Jacek ma serce po w\u0142a\u015bciwej stronie. Prawdziwe &#8211; profesjonalne malarstwo. Opr\u00f3cz malarstwa Jacek gra na gitarze w zespole w K\u0119picach.\u00a0 Jacek pracuje codziennie razem ze swoja ma\u0142\u017conk\u0105 Alicj\u0105, kt\u00f3ra r\u00f3wnie\u017c pochodzi z Barwina. Ala r\u00f3wnie\u017c maluje i to z du\u017cym powodzeniem.<\/p>\n<p><button id=\"play\" title=\"muzyka\" value=\"graj\">Przyk\u0142adowy przycisk<\/button><\/p>\n","protected":false},"excerpt":{"rendered":"<p>Zbigniew Juliusz Zalewski Urodzony 14 kwietnia 1941 r. w Tara\u017cu na Wo\u0142yniu. Genera\u0142 broni Wojska Polskiego. Podczas ponad 41 letniej s\u0142u\u017cby pe\u0142ni\u0142 obowi\u0105zki na wielu stanowiskach dow\u00f3dczych, sztabowych i logistycznych. By\u0142 dow\u00f3dc\u0105 9 pu\u0142ku zmechanizowanego w Stargardzie Szczeci\u0144skim, dow\u00f3dc\u0105 8 Dywizji Zmechanizowanej w Koszalinie oraz w latach 1987- 92 szefem sztabu, a nast\u0119pnie dow\u00f3dc\u0105 Pomorskiego Okr\u0119gu Wojskowego. W latach 1992-96 by\u0142 zast\u0119pc\u0105 Szefa Sztabu Generalnego Wojska Polskiego. W listopadzie 1996 r. zosta\u0142 wyznaczony na pierwszego w historii Wojska Polskiego dow\u00f3dc\u0119 Wojsk L\u0105dowych. W 2001 r. zako\u0144czy\u0142 zawodow\u0105 s\u0142u\u017cb\u0119 wojskow\u0105. Odznaczony mi\u0119dzy innymi Krzy\u017cem Komandorskim Orderu Odrodzenia Polski i Z\u0142otym Krzy\u017cem Zas\u0142ugi, a za wsp\u00f3\u0142prac\u0119 z NATO ameryka\u0144sk\u0105 Komandori\u0105 Legii Zas\u0142ug USA i niemieckim Z\u0142otym Krzy\u017cem Zas\u0142ugi Bundeswehry. \u0179r\u00f3d\u0142o &#8211; Zbigniew Zalewski S\u0142awomir Ziemianowicz \u00a0Wykszta\u0142cenie wy\u017csze politechniczne &#8211; dwa fakultety(elektrotechnika okr\u0119towa; organizacja i zarz\u0105dzanie). \u017bonaty, troje dzieci. Mieszka w K\u0119picach. W latach 1998-2002 by\u0142 sekretarzem Urz\u0119du Miejskiego w Ustce. Z samorz\u0105dem zwi\u0105zany jest od 12 lat. W latach 1990-1998 (dwie kadencje) by\u0142 radnym Rady Gminy K\u0119pice i zast\u0119pc\u0105 burmistrza. Od 1998 roku radny Powiatu S\u0142upskiego. W latach 2002-2006 pe\u0142ni\u0142 funkcj\u0119 wicestarosty s\u0142upskiego. Po wyborach samorz\u0105dowych w 2006 roku zosta\u0142 wybrany na stanowisko starosty s\u0142upskiego. Pe\u0142ni\u0142 t\u0119 funkcj\u0119 do 2014 roku. Obecnie radny Powiatu S\u0142upskiego. S\u0142awomir Ziemianowicz oraz Jacek Adamczyk maj\u0105 wsp\u00f3lne korzenie r\u00f3wnie\u017c na Wo\u0142yniu i pochodz\u0105 z rodziny Krasickich. Jacek Adamczyk Urodzony w Barwinie w 1968 r. Od dziecka zajmuje si\u0119 rysunkiem i malarstwem. Absolwent Pa\u0144stwowego Liceum Sztuk Plastycznych w Koszalinie. Od 1994r nale\u017cy do klubu plastyka im. Stefana Morawskiego <a class=\"read-more\" href=\"https:\/\/www.barwino.slupsk.pl\/?page_id=324\">Continue Reading &#8594;<\/a><\/p>\n","protected":false},"author":2,"featured_media":0,"parent":0,"menu_order":2,"comment_status":"closed","ping_status":"closed","template":"","meta":{"_monsterinsights_skip_tracking":false,"_monsterinsights_sitenote_active":false,"_monsterinsights_sitenote_note":"","_monsterinsights_sitenote_category":0,"two_page_speed":[],"footnotes":""},"class_list":["post-324","page","type-page","status-publish","hentry"],"aioseo_notices":[],"_links":{"self":[{"href":"https:\/\/www.barwino.slupsk.pl\/index.php?rest_route=\/wp\/v2\/pages\/324","targetHints":{"allow":["GET"]}}],"collection":[{"href":"https:\/\/www.barwino.slupsk.pl\/index.php?rest_route=\/wp\/v2\/pages"}],"about":[{"href":"https:\/\/www.barwino.slupsk.pl\/index.php?rest_route=\/wp\/v2\/types\/page"}],"author":[{"embeddable":true,"href":"https:\/\/www.barwino.slupsk.pl\/index.php?rest_route=\/wp\/v2\/users\/2"}],"replies":[{"embeddable":true,"href":"https:\/\/www.barwino.slupsk.pl\/index.php?rest_route=%2Fwp%2Fv2%2Fcomments&post=324"}],"version-history":[{"count":30,"href":"https:\/\/www.barwino.slupsk.pl\/index.php?rest_route=\/wp\/v2\/pages\/324\/revisions"}],"predecessor-version":[{"id":2296,"href":"https:\/\/www.barwino.slupsk.pl\/index.php?rest_route=\/wp\/v2\/pages\/324\/revisions\/2296"}],"wp:attachment":[{"href":"https:\/\/www.barwino.slupsk.pl\/index.php?rest_route=%2Fwp%2Fv2%2Fmedia&parent=324"}],"curies":[{"name":"wp","href":"https:\/\/api.w.org\/{rel}","templated":true}]}}

<p><strong>Zbigniew Juliusz Zalewski</strong></p>
<p><a href="https://www.barwino.slupsk.pl/wp-content/uploads/2015/01/6" target="_blank" rel="noopener"><img loading="lazy" decoding="async" class="alignleft wp-image-333" src="https://www.barwino.slupsk.pl/wp-content/uploads/2015/01/6-424x600." alt="Zbigniew_Zalewski" width="162" height="230" srcset="https://www.barwino.slupsk.pl/wp-content/uploads/2015/01/6-424x600. 424w, https://www.barwino.slupsk.pl/wp-content/uploads/2015/01/6-543x768. 543w, https://www.barwino.slupsk.pl/wp-content/uploads/2015/01/6 800w" sizes="auto, (max-width: 162px) 100vw, 162px" /></a> Urodzony 14 kwietnia 1941 r. w <a href="http://cieplowizja.pl/brozbar/brozbar26/kolki/taraz.html" target="_blank" rel="nofollow noopener sponsored ugc noreferrer">Taraż</a>u na Wołyniu.</p>
<p>Generał broni Wojska Polskiego.</p>
<p>Podczas ponad 41 letniej służby pełnił obowiązki na wielu stanowiskach dowódczych, sztabowych i logistycznych. Był dowódcą 9 pułku zmechanizowanego w Stargardzie Szczecińskim, dowódcą 8 Dywizji Zmechanizowanej w Koszalinie oraz w latach 1987- 92 szefem sztabu, a następnie dowódcą Pomorskiego Okręgu Wojskowego. W latach 1992-96 był zastępcą Szefa Sztabu Generalnego Wojska Polskiego. W listopadzie 1996 r. został wyznaczony na pierwszego w historii Wojska Polskiego dowódcę Wojsk Lądowych. W 2001 r. zakończył zawodową służbę wojskową.</p>
<p>Odznaczony między innymi Krzyżem Komandorskim Orderu Odrodzenia Polski i Złotym Krzyżem Zasługi, a za współpracę z NATO amerykańską Komandorią Legii Zasług USA i niemieckim Złotym Krzyżem Zasługi Bundeswehry.</p>
<p>Źródło &#8211; Zbigniew Zalewski</p>
<p><strong>Sławomir Ziemianowicz</strong></p>
<p><a href="https://www.barwino.slupsk.pl/wp-content/uploads/2018/07/slawek1.jpg"> </a><a href="https://www.barwino.slupsk.pl/wp-content/uploads/2018/07/slawek1.jpg" target="_blank" rel="noopener noreferrer"><img loading="lazy" decoding="async" class="alignleft wp-image-1295" src="https://www.barwino.slupsk.pl/wp-content/uploads/2018/07/slawek1.jpg" alt="" width="211" height="220" /></a>Wykształcenie wyższe politechniczne &#8211; dwa fakultety(elektrotechnika okrętowa; organizacja i zarządzanie). Żonaty, troje dzieci. Mieszka w Kępicach. W latach 1998-2002 był sekretarzem Urzędu Miejskiego w Ustce. Z samorządem związany jest od 12 lat. W latach 1990-1998 (dwie kadencje) był radnym Rady Gminy Kępice i zastępcą burmistrza. Od 1998 roku radny Powiatu Słupskiego. W latach 2002-2006 pełnił funkcję wicestarosty słupskiego. Po wyborach samorządowych w 2006 roku został wybrany na stanowisko starosty słupskiego. Pełnił tę funkcję do 2014 roku. Obecnie radny Powiatu Słupskiego.</p>
<p>Sławomir Ziemianowicz oraz Jacek Adamczyk mają wspólne korzenie również na Wołyniu i pochodzą z rodziny Krasickich.</p>
<p><strong>Jacek Adamczyk</strong></p>
<p><a href="https://www.barwino.slupsk.pl/wp-content/uploads/2014/12/26" target="_blank" rel="noopener"><img loading="lazy" decoding="async" class="alignleft wp-image-60" src="https://www.barwino.slupsk.pl/wp-content/uploads/2014/12/26" alt="Ala i Jacak Adamczyk" width="189" height="213" /></a> Urodzony w Barwinie w 1968 r.</p>
<p>Od dziecka zajmuje się rysunkiem i malarstwem. Absolwent Państwowego Liceum Sztuk Plastycznych w Koszalinie. Od 1994r należy do klubu plastyka im. Stefana Morawskiego przy Słupskim Ośrodku Kultury. Wiele wyróżnień i nagród. Inspiracją do realizacji prac Jacka jest architektura i spuścizna kulturowa pomorza środkowego &#8211; charakterystyczna zabudowa szachulcowa wraz z elementami sielskości i melancholii &#8211; operowanie kolorem, światłem i uzyskiwanie efektów fakturalnych za pomocą szpachelki. Wiele obiektów uwiecznionych na Jacka obrazach już nie ma lub są one zrekonstruowane &#8211; Kluki, Swołowo. &#8222;Wybór jest świadomy, ponieważ w dobie pędu człowieka za komercją staram się pokazywać świat bez udziwnień i upiększeń. Wiele moich prac przedstawia budynki sakralne, starą zabudowę wiejską lub małomiasteczkową. Niektórych obiektów malowanych przeze mnie już nie ma, zostały rozebrane. &#8222;</p>
<p>Dnia 22-10-2012r w Muzeum Pomorza Środkowego &#8211; Anna de Croy odbyła się wystawa malarstwa Jacka Adamczyka. Obrazy  są przepiękne&#8230;. Widać że Jacek ma serce po właściwej stronie. Prawdziwe &#8211; profesjonalne malarstwo. Oprócz malarstwa Jacek gra na gitarze w zespole w Kępicach.  Jacek pracuje codziennie razem ze swoja małżonką Alicją, która również pochodzi z Barwina. Ala również maluje i to z dużym powodzeniem.</p>
<p><button id="play" title="muzyka" value="graj">Przykładowy przycisk</button></p>

<p>Zbigniew Juliusz Zalewski Urodzony 14 kwietnia 1941 r. w Tarażu na Wołyniu. Generał broni Wojska Polskiego. Podczas ponad 41 letniej służby pełnił obowiązki na wielu stanowiskach dowódczych, sztabowych i logistycznych. Był dowódcą 9 pułku zmechanizowanego w Stargardzie Szczecińskim, dowódcą 8 Dywizji Zmechanizowanej w Koszalinie oraz w latach 1987- 92 szefem sztabu, a następnie dowódcą Pomorskiego Okręgu Wojskowego. W latach 1992-96 był zastępcą Szefa Sztabu Generalnego Wojska Polskiego. W listopadzie 1996 r. został wyznaczony na pierwszego w historii Wojska Polskiego dowódcę Wojsk Lądowych. W 2001 r. zakończył zawodową służbę wojskową. Odznaczony między innymi Krzyżem Komandorskim Orderu Odrodzenia Polski i Złotym Krzyżem Zasługi, a za współpracę z NATO amerykańską Komandorią Legii Zasług USA i niemieckim Złotym Krzyżem Zasługi Bundeswehry. Źródło &#8211; Zbigniew Zalewski Sławomir Ziemianowicz  Wykształcenie wyższe politechniczne &#8211; dwa fakultety(elektrotechnika okrętowa; organizacja i zarządzanie). Żonaty, troje dzieci. Mieszka w Kępicach. W latach 1998-2002 był sekretarzem Urzędu Miejskiego w Ustce. Z samorządem związany jest od 12 lat. W latach 1990-1998 (dwie kadencje) był radnym Rady Gminy Kępice i zastępcą burmistrza. Od 1998 roku radny Powiatu Słupskiego. W latach 2002-2006 pełnił funkcję wicestarosty słupskiego. Po wyborach samorządowych w 2006 roku został wybrany na stanowisko starosty słupskiego. Pełnił tę funkcję do 2014 roku. Obecnie radny Powiatu Słupskiego. Sławomir Ziemianowicz oraz Jacek Adamczyk mają wspólne korzenie również na Wołyniu i pochodzą z rodziny Krasickich. Jacek Adamczyk Urodzony w Barwinie w 1968 r. Od dziecka zajmuje się rysunkiem i malarstwem. Absolwent Państwowego Liceum Sztuk Plastycznych w Koszalinie. Od 1994r należy do klubu plastyka im. Stefana Morawskiego <a class="read-more" href="https://www.barwino.slupsk.pl/?page_id=324">Continue Reading &#8594;</a></p>
